{"id":9,"date":"2017-02-24T08:20:33","date_gmt":"2017-02-24T07:20:33","guid":{"rendered":"https:\/\/trennungundscheidung.web-email.at\/eltern-und-kinderbegleitung\/?page_id=9"},"modified":"2024-03-06T14:12:38","modified_gmt":"2024-03-06T13:12:38","slug":"kontakt","status":"publish","type":"page","link":"https:\/\/trennungundscheidung.web-email.at\/eltern-und-kinderbegleitung\/kontakt\/","title":{"rendered":"Kontakt"},"content":{"rendered":"<p style=\"font-weight: 400;\"><strong>Marianne Brunner<\/strong><\/p>\n<p style=\"font-weight: 400;\">Bundeskanzleramt \u2013 Sektion VI &#8211; Familie und Jugend<br \/>\nAbteilung VI\/2 \u2013 Kinder- und Jugendhilfe<br \/>\nUntere Donaustra\u00dfe 13 -15<br \/>\n1020 Wien<\/p>\n<p style=\"font-weight: 400;\">+43 1 53\u00a0115 \u2013 633236<\/p>\n<p style=\"font-weight: 400;\"><a href=\"mailto:Marianne.Brunner@bka.gv.at\">Marianne.Brunner@bka.gv.at<\/a><\/p>\n<p style=\"font-weight: 400;\">\n<p style=\"font-weight: 400;\">Gemeinn\u00fctzige Vereine, die Projekte im Rahmen der \u201eEltern- und Kinderbegleitung in Scheidungs- und Trennungssituationen\u201c anbieten wollen, k\u00f6nnen sich die f\u00fcr ein F\u00f6rderungsansuchen erforderlichen Unterlagen unter\u00a0<a href=\"https:\/\/www.bundeskanzleramt.gv.at\/agenda\/familie\/begleitung-beratung-hilfe\/trennung-und-scheidung\/eltern-und-kinderbegleitung.html\" data-saferedirecturl=\"https:\/\/www.google.com\/url?q=https:\/\/www.bundeskanzleramt.gv.at\/agenda\/familie\/begleitung-beratung-hilfe\/trennung-und-scheidung\/eltern-und-kinderbegleitung.html&amp;source=gmail&amp;ust=1709809543017000&amp;usg=AOvVaw003qVUrVl07-Rv9lGeDIhK\">https:\/\/www.bundeskanzleramt.gv.at\/agenda\/familie\/begleitung-beratung-hilfe\/trennung-und-scheidung\/eltern-und-kinderbegleitung.html<\/a>\u00a0herunterladen.<\/p>\n","protected":false},"excerpt":{"rendered":"<p>Marianne Brunner Bundeskanzleramt \u2013 Sektion VI &#8211; Familie und Jugend Abteilung VI\/2 \u2013 Kinder- und Jugendhilfe Untere Donaustra\u00dfe 13 -15 1020 Wien +43 1 53\u00a0115 \u2013 633236 Marianne.Brunner@bka.gv.at Gemeinn\u00fctzige Vereine, die Projekte im Rahmen der \u201eEltern- und Kinderbegleitung in Scheidungs- und Trennungssituationen\u201c anbieten wollen, k\u00f6nnen sich die f\u00fcr ein F\u00f6rderungsansuchen erforderlichen Unterlagen unter\u00a0https:\/\/www.bundeskanzleramt.gv.at\/agenda\/familie\/begleitung-beratung-hilfe\/trennung-und-scheidung\/eltern-und-kinderbegleitung.html\u00a0herunterladen.<\/p>\n","protected":false},"author":1,"featured_media":0,"parent":0,"menu_order":0,"comment_status":"closed","ping_status":"closed","template":"","meta":{"_acf_changed":false,"footnotes":""},"class_list":["post-9","page","type-page","status-publish","hentry"],"acf":[],"yoast_head":"<!-- This site is optimized with the Yoast SEO plugin v26.9 - https:\/\/yoast.com\/product\/yoast-seo-wordpress\/ -->\n<title>Kontakt - Eltern- und Kinderbegleitung<\/title>\n<meta name=\"robots\" content=\"index, follow, max-snippet:-1, max-image-preview:large, max-video-preview:-1\" \/>\n<link rel=\"canonical\" href=\"https:\/\/trennungundscheidung.web-email.at\/eltern-und-kinderbegleitung\/kontakt\/\" \/>\n<meta property=\"og:locale\" content=\"de_DE\" \/>\n<meta property=\"og:type\" content=\"article\" \/>\n<meta property=\"og:title\" content=\"Kontakt - Eltern- und Kinderbegleitung\" \/>\n<meta property=\"og:description\" content=\"Marianne Brunner Bundeskanzleramt \u2013 Sektion VI &#8211; Familie und Jugend Abteilung VI\/2 \u2013 Kinder- und Jugendhilfe Untere Donaustra\u00dfe 13 -15 1020 Wien +43 1 53\u00a0115 \u2013 633236 Marianne.Brunner@bka.gv.at Gemeinn\u00fctzige Vereine, die Projekte im Rahmen der \u201eEltern- und Kinderbegleitung in Scheidungs- und Trennungssituationen\u201c anbieten wollen, k\u00f6nnen sich die f\u00fcr ein F\u00f6rderungsansuchen erforderlichen Unterlagen unter\u00a0https:\/\/www.bundeskanzleramt.gv.at\/agenda\/familie\/begleitung-beratung-hilfe\/trennung-und-scheidung\/eltern-und-kinderbegleitung.html\u00a0herunterladen.\" \/>\n<meta property=\"og:url\" content=\"https:\/\/trennungundscheidung.web-email.at\/eltern-und-kinderbegleitung\/kontakt\/\" \/>\n<meta property=\"og:site_name\" content=\"Eltern- und Kinderbegleitung\" \/>\n<meta property=\"article:modified_time\" content=\"2024-03-06T13:12:38+00:00\" \/>\n<meta name=\"twitter:card\" content=\"summary_large_image\" \/>\n<meta name=\"twitter:label1\" content=\"Gesch\u00e4tzte Lesezeit\" \/>\n\t<meta name=\"twitter:data1\" content=\"1\u00a0Minute\" \/>\n<script type=\"application\/ld+json\" class=\"yoast-schema-graph\">{\"@context\":\"https:\/\/schema.org\",\"@graph\":[{\"@type\":\"WebPage\",\"@id\":\"https:\/\/trennungundscheidung.web-email.at\/eltern-und-kinderbegleitung\/kontakt\/\",\"url\":\"https:\/\/trennungundscheidung.web-email.at\/eltern-und-kinderbegleitung\/kontakt\/\",\"name\":\"Kontakt - Eltern- und Kinderbegleitung\",\"isPartOf\":{\"@id\":\"https:\/\/trennungundscheidung.web-email.at\/eltern-und-kinderbegleitung\/#website\"},\"datePublished\":\"2017-02-24T07:20:33+00:00\",\"dateModified\":\"2024-03-06T13:12:38+00:00\",\"breadcrumb\":{\"@id\":\"https:\/\/trennungundscheidung.web-email.at\/eltern-und-kinderbegleitung\/kontakt\/#breadcrumb\"},\"inLanguage\":\"de\",\"potentialAction\":[{\"@type\":\"ReadAction\",\"target\":[\"https:\/\/trennungundscheidung.web-email.at\/eltern-und-kinderbegleitung\/kontakt\/\"]}]},{\"@type\":\"BreadcrumbList\",\"@id\":\"https:\/\/trennungundscheidung.web-email.at\/eltern-und-kinderbegleitung\/kontakt\/#breadcrumb\",\"itemListElement\":[{\"@type\":\"ListItem\",\"position\":1,\"name\":\"Home\",\"item\":\"https:\/\/trennungundscheidung.web-email.at\/eltern-und-kinderbegleitung\/\"},{\"@type\":\"ListItem\",\"position\":2,\"name\":\"Kontakt\"}]},{\"@type\":\"WebSite\",\"@id\":\"https:\/\/trennungundscheidung.web-email.at\/eltern-und-kinderbegleitung\/#website\",\"url\":\"https:\/\/trennungundscheidung.web-email.at\/eltern-und-kinderbegleitung\/\",\"name\":\"Eltern- und Kinderbegleitung\",\"description\":\"\",\"potentialAction\":[{\"@type\":\"SearchAction\",\"target\":{\"@type\":\"EntryPoint\",\"urlTemplate\":\"https:\/\/trennungundscheidung.web-email.at\/eltern-und-kinderbegleitung\/?s={search_term_string}\"},\"query-input\":{\"@type\":\"PropertyValueSpecification\",\"valueRequired\":true,\"valueName\":\"search_term_string\"}}],\"inLanguage\":\"de\"}]}<\/script>\n<!-- \/ Yoast SEO plugin. -->","yoast_head_json":{"title":"Kontakt - Eltern- und Kinderbegleitung","robots":{"index":"index","follow":"follow","max-snippet":"max-snippet:-1","max-image-preview":"max-image-preview:large","max-video-preview":"max-video-preview:-1"},"canonical":"https:\/\/trennungundscheidung.web-email.at\/eltern-und-kinderbegleitung\/kontakt\/","og_locale":"de_DE","og_type":"article","og_title":"Kontakt - Eltern- und Kinderbegleitung","og_description":"Marianne Brunner Bundeskanzleramt \u2013 Sektion VI &#8211; Familie und Jugend Abteilung VI\/2 \u2013 Kinder- und Jugendhilfe Untere Donaustra\u00dfe 13 -15 1020 Wien +43 1 53\u00a0115 \u2013 633236 Marianne.Brunner@bka.gv.at Gemeinn\u00fctzige Vereine, die Projekte im Rahmen der \u201eEltern- und Kinderbegleitung in Scheidungs- und Trennungssituationen\u201c anbieten wollen, k\u00f6nnen sich die f\u00fcr ein F\u00f6rderungsansuchen erforderlichen Unterlagen unter\u00a0https:\/\/www.bundeskanzleramt.gv.at\/agenda\/familie\/begleitung-beratung-hilfe\/trennung-und-scheidung\/eltern-und-kinderbegleitung.html\u00a0herunterladen.","og_url":"https:\/\/trennungundscheidung.web-email.at\/eltern-und-kinderbegleitung\/kontakt\/","og_site_name":"Eltern- und Kinderbegleitung","article_modified_time":"2024-03-06T13:12:38+00:00","twitter_card":"summary_large_image","twitter_misc":{"Gesch\u00e4tzte Lesezeit":"1\u00a0Minute"},"schema":{"@context":"https:\/\/schema.org","@graph":[{"@type":"WebPage","@id":"https:\/\/trennungundscheidung.web-email.at\/eltern-und-kinderbegleitung\/kontakt\/","url":"https:\/\/trennungundscheidung.web-email.at\/eltern-und-kinderbegleitung\/kontakt\/","name":"Kontakt - Eltern- und Kinderbegleitung","isPartOf":{"@id":"https:\/\/trennungundscheidung.web-email.at\/eltern-und-kinderbegleitung\/#website"},"datePublished":"2017-02-24T07:20:33+00:00","dateModified":"2024-03-06T13:12:38+00:00","breadcrumb":{"@id":"https:\/\/trennungundscheidung.web-email.at\/eltern-und-kinderbegleitung\/kontakt\/#breadcrumb"},"inLanguage":"de","potentialAction":[{"@type":"ReadAction","target":["https:\/\/trennungundscheidung.web-email.at\/eltern-und-kinderbegleitung\/kontakt\/"]}]},{"@type":"BreadcrumbList","@id":"https:\/\/trennungundscheidung.web-email.at\/eltern-und-kinderbegleitung\/kontakt\/#breadcrumb","itemListElement":[{"@type":"ListItem","position":1,"name":"Home","item":"https:\/\/trennungundscheidung.web-email.at\/eltern-und-kinderbegleitung\/"},{"@type":"ListItem","position":2,"name":"Kontakt"}]},{"@type":"WebSite","@id":"https:\/\/trennungundscheidung.web-email.at\/eltern-und-kinderbegleitung\/#website","url":"https:\/\/trennungundscheidung.web-email.at\/eltern-und-kinderbegleitung\/","name":"Eltern- und Kinderbegleitung","description":"","potentialAction":[{"@type":"SearchAction","target":{"@type":"EntryPoint","urlTemplate":"https:\/\/trennungundscheidung.web-email.at\/eltern-und-kinderbegleitung\/?s={search_term_string}"},"query-input":{"@type":"PropertyValueSpecification","valueRequired":true,"valueName":"search_term_string"}}],"inLanguage":"de"}]}},"_links":{"self":[{"href":"https:\/\/trennungundscheidung.web-email.at\/eltern-und-kinderbegleitung\/wp-json\/wp\/v2\/pages\/9","targetHints":{"allow":["GET"]}}],"collection":[{"href":"https:\/\/trennungundscheidung.web-email.at\/eltern-und-kinderbegleitung\/wp-json\/wp\/v2\/pages"}],"about":[{"href":"https:\/\/trennungundscheidung.web-email.at\/eltern-und-kinderbegleitung\/wp-json\/wp\/v2\/types\/page"}],"author":[{"embeddable":true,"href":"https:\/\/trennungundscheidung.web-email.at\/eltern-und-kinderbegleitung\/wp-json\/wp\/v2\/users\/1"}],"replies":[{"embeddable":true,"href":"https:\/\/trennungundscheidung.web-email.at\/eltern-und-kinderbegleitung\/wp-json\/wp\/v2\/comments?post=9"}],"version-history":[{"count":7,"href":"https:\/\/trennungundscheidung.web-email.at\/eltern-und-kinderbegleitung\/wp-json\/wp\/v2\/pages\/9\/revisions"}],"predecessor-version":[{"id":87,"href":"https:\/\/trennungundscheidung.web-email.at\/eltern-und-kinderbegleitung\/wp-json\/wp\/v2\/pages\/9\/revisions\/87"}],"wp:attachment":[{"href":"https:\/\/trennungundscheidung.web-email.at\/eltern-und-kinderbegleitung\/wp-json\/wp\/v2\/media?parent=9"}],"curies":[{"name":"wp","href":"https:\/\/api.w.org\/{rel}","templated":true}]}}