{"id":363,"date":"2020-02-25T14:04:32","date_gmt":"2020-02-25T13:04:32","guid":{"rendered":"https:\/\/trennungundscheidung.web-email.at\/familien-eltern-oder-erziehungsberatung\/?page_id=363"},"modified":"2020-02-27T09:15:24","modified_gmt":"2020-02-27T08:15:24","slug":"pour-se-concentrer-a-nouveau-sur-les-enfants-franzoesisch-francais","status":"publish","type":"page","link":"https:\/\/trennungundscheidung.web-email.at\/familien-eltern-oder-erziehungsberatung\/den-blick-wieder-auf-die-kinder-richten\/pour-se-concentrer-a-nouveau-sur-les-enfants-franzoesisch-francais\/","title":{"rendered":"&#8230;. pour se concentrer \u00e0 nouveau sur les enfants!  &#8211; Franz\u00f6sisch (Fran\u00e7ais)"},"content":{"rendered":"\n<figure class=\"wp-block-image\"><img decoding=\"async\" src=\"https:\/\/trennungundscheidung.web-email.at\/familien-eltern-oder-erziehungsberatung\/wp-content\/uploads\/sites\/6\/2020\/02\/franzoesisch_francais.png\" alt=\"englisch - english\" class=\"wp-image-115\"\/><\/figure>\n\n\n\n<p>Si, apr\u00e8s la s\u00e9paration, les parents ne sont pas en mesure de parvenir \u00e0 un r\u00e8glement sur la garde et le droit de visite dans l&#8217;int\u00e9r\u00eat sup\u00e9rieur de l&#8217;enfant ou des enfants qu&#8217;ils ont entre eux et de s&#8217;y conformer dans la vie quotidienne, le tribunal peut ordonner un conseil familial, parental ou \u00e9ducatif conform\u00e9ment au \u00a7 107 (3) (1) de la loi sur les proc\u00e9dures non contentieuses (Au\u00dfstrG).<a name=\"_ftnref1\"><\/a><a href=\"https:\/\/trennungundscheidung.web-email.at\/familien-eltern-oder-erziehungsberatung\/wp-content\/uploads\/sites\/6\/2017\/04\/Qualita\u0308tsstandards-zur-Familien-Eltern-oder-Erziehungsberatung-nach-\u00a7-107-Abs.-3-Z-1-Au\u00dfStrG.pdf\">[1]<\/a>.<\/p>\n\n\n\n<p>Ces conseils familiaux, parentaux ou \u00e9ducatifs peuvent \u00eatre ordonn\u00e9s par le tribunal:<\/p>\n\n\n\n<ul class=\"wp-block-list\"><li>en cas de dysfonctionnement de la r\u00e9glementation en mati\u00e8re de garde et de droit de visite<\/li><li>en cas de d\u00e9saccord entre les parents sur l&#8217;organisation de la parentalit\u00e9<\/li><li>en cas de rupture de la communication parentale et de manque de coop\u00e9ration<\/li><li>en cas de n\u00e9gation des besoins d\u00e9veloppementaux de l&#8217;enfant<\/li><li>en cas de conflits tr\u00e8s exacerb\u00e9s entre les parents (conflit important)<\/li><li>en cas de pr\u00e9occupation sur la capacit\u00e9 du parents ou d&#8217;un parent \u00e0 \u00e9lever l&#8217;enfant<\/li><\/ul>\n\n\n\n<p>Le tribunal fixe la dur\u00e9e horaire de l&#8217;audience. Pendant la consultation, les parents ont l&#8217;occasion de parler des besoins de leurs enfants en dehors de la salle d&#8217;audience. Par cons\u00e9quent, id\u00e9alement, les deux parents participent \u00e0 la consultation afin de trouver des solutions communes.<\/p>\n\n\n\n<p>Important&nbsp;!<\/p>\n\n\n\n<p>\u2013 La liste des conseillers familiaux, parentaux ou \u00e9ducatifs reconnus<a href=\"https:\/\/trennungundscheidung.web-email.at\/familien-eltern-oder-erziehungsberatung\/berater\/\"><u>https:\/\/trennungundscheidung.web-email.at\/familien-eltern-oder-erziehungsberatung\/berater\/<\/u><\/a> &nbsp;a pour but de fournir une orientation dans la recherche d&#8217;un conseiller appropri\u00e9. Les juges sont libres de reconna\u00eetre les conseils \u00e9ducatifs au sens de l&#8217;article 107, paragraphe 3, point 1, de la loi non contentieuse dispens\u00e9s par d&#8217;autres conseillers comme appropri\u00e9s.<\/p>\n\n\n\n<p\u2013 les=\"\" frais=\"\" de=\"\" conseil=\"\" famille=\"\" ordonn\u00e9=\"\" par=\"\" le=\"\" tribunal=\"\" sont=\"\" \u00e0=\"\" la=\"\" charge=\"\" des=\"\" parents=\"\" eux-m\u00eames.=\"\" un=\"\" tarif=\"\" horaire=\"\" compris=\"\" entre=\"\" 70=\"\" et=\"\" 120=\"\" euros=\"\" (hors=\"\" tva)=\"\" est=\"\" donn\u00e9=\"\" titre=\"\" indicatif.=\"\" <=\"\" p=\"\">\n<p>\u2013 Si, selon l&#8217;\u00e9valuation du juge, l&#8217;enfant est lourdement surcharg\u00e9 par la proc\u00e9dure relative \u00e0 la garde ou au droit de visite, il peut recourir \u00e0 un service \u00ab&nbsp;d\u2019assistance pour enfants&nbsp;\u00bb  <a href=\"https:\/\/trennungundscheidung.web-email.at\/kinderbeistand\/\">https:\/\/trennungundscheidung.web-email.at\/kinderbeistand\/<\/a> pour subvenir \u00e0 ses besoins.<\/p><\/p\u2013>\n","protected":false},"excerpt":{"rendered":"<p>Si, apr\u00e8s la s\u00e9paration, les parents ne sont pas en mesure de parvenir \u00e0 un r\u00e8glement sur la garde et le droit de visite dans l&#8217;int\u00e9r\u00eat sup\u00e9rieur de l&#8217;enfant ou des enfants qu&#8217;ils ont entre eux et de s&#8217;y conformer dans la vie quotidienne, le tribunal peut ordonner un conseil familial, parental ou \u00e9ducatif conform\u00e9ment [&hellip;]<\/p>\n","protected":false},"author":1,"featured_media":0,"parent":13,"menu_order":0,"comment_status":"closed","ping_status":"closed","template":"","meta":{"_acf_changed":false,"footnotes":""},"class_list":["post-363","page","type-page","status-publish","hentry"],"acf":[],"yoast_head":"<!-- This site is optimized with the Yoast SEO plugin v26.9 - https:\/\/yoast.com\/product\/yoast-seo-wordpress\/ -->\n<title>.... pour se concentrer \u00e0 nouveau sur les enfants! - Franz\u00f6sisch (Fran\u00e7ais) - Familien-, Eltern- oder Erziehungsberatung nach \u00a7 107<\/title>\n<meta name=\"robots\" content=\"index, follow, max-snippet:-1, max-image-preview:large, max-video-preview:-1\" \/>\n<link rel=\"canonical\" href=\"https:\/\/trennungundscheidung.web-email.at\/familien-eltern-oder-erziehungsberatung\/den-blick-wieder-auf-die-kinder-richten\/pour-se-concentrer-a-nouveau-sur-les-enfants-franzoesisch-francais\/\" \/>\n<meta property=\"og:locale\" content=\"de_DE\" \/>\n<meta property=\"og:type\" content=\"article\" \/>\n<meta property=\"og:title\" content=\".... pour se concentrer \u00e0 nouveau sur les enfants! - Franz\u00f6sisch (Fran\u00e7ais) - Familien-, Eltern- oder Erziehungsberatung nach \u00a7 107\" \/>\n<meta property=\"og:description\" content=\"Si, apr\u00e8s la s\u00e9paration, les parents ne sont pas en mesure de parvenir \u00e0 un r\u00e8glement sur la garde et le droit de visite dans l&#8217;int\u00e9r\u00eat sup\u00e9rieur de l&#8217;enfant ou des enfants qu&#8217;ils ont entre eux et de s&#8217;y conformer dans la vie quotidienne, le tribunal peut ordonner un conseil familial, parental ou \u00e9ducatif conform\u00e9ment [&hellip;]\" \/>\n<meta property=\"og:url\" content=\"https:\/\/trennungundscheidung.web-email.at\/familien-eltern-oder-erziehungsberatung\/den-blick-wieder-auf-die-kinder-richten\/pour-se-concentrer-a-nouveau-sur-les-enfants-franzoesisch-francais\/\" \/>\n<meta property=\"og:site_name\" content=\"Familien-, Eltern- oder Erziehungsberatung nach \u00a7 107\" \/>\n<meta property=\"article:modified_time\" content=\"2020-02-27T08:15:24+00:00\" \/>\n<meta property=\"og:image\" content=\"https:\/\/trennungundscheidung.web-email.at\/familien-eltern-oder-erziehungsberatung\/wp-content\/uploads\/sites\/6\/2020\/02\/franzoesisch_francais.png\" \/>\n<meta name=\"twitter:card\" content=\"summary_large_image\" \/>\n<meta name=\"twitter:label1\" content=\"Gesch\u00e4tzte Lesezeit\" \/>\n\t<meta name=\"twitter:data1\" content=\"1\u00a0Minute\" \/>\n<script type=\"application\/ld+json\" class=\"yoast-schema-graph\">{\"@context\":\"https:\/\/schema.org\",\"@graph\":[{\"@type\":\"WebPage\",\"@id\":\"https:\/\/trennungundscheidung.web-email.at\/familien-eltern-oder-erziehungsberatung\/den-blick-wieder-auf-die-kinder-richten\/pour-se-concentrer-a-nouveau-sur-les-enfants-franzoesisch-francais\/\",\"url\":\"https:\/\/trennungundscheidung.web-email.at\/familien-eltern-oder-erziehungsberatung\/den-blick-wieder-auf-die-kinder-richten\/pour-se-concentrer-a-nouveau-sur-les-enfants-franzoesisch-francais\/\",\"name\":\".... pour se concentrer \u00e0 nouveau sur les enfants! - Franz\u00f6sisch (Fran\u00e7ais) - Familien-, Eltern- oder Erziehungsberatung nach \u00a7 107\",\"isPartOf\":{\"@id\":\"https:\/\/trennungundscheidung.web-email.at\/familien-eltern-oder-erziehungsberatung\/#website\"},\"primaryImageOfPage\":{\"@id\":\"https:\/\/trennungundscheidung.web-email.at\/familien-eltern-oder-erziehungsberatung\/den-blick-wieder-auf-die-kinder-richten\/pour-se-concentrer-a-nouveau-sur-les-enfants-franzoesisch-francais\/#primaryimage\"},\"image\":{\"@id\":\"https:\/\/trennungundscheidung.web-email.at\/familien-eltern-oder-erziehungsberatung\/den-blick-wieder-auf-die-kinder-richten\/pour-se-concentrer-a-nouveau-sur-les-enfants-franzoesisch-francais\/#primaryimage\"},\"thumbnailUrl\":\"https:\/\/trennungundscheidung.web-email.at\/familien-eltern-oder-erziehungsberatung\/wp-content\/uploads\/sites\/6\/2020\/02\/franzoesisch_francais.png\",\"datePublished\":\"2020-02-25T13:04:32+00:00\",\"dateModified\":\"2020-02-27T08:15:24+00:00\",\"breadcrumb\":{\"@id\":\"https:\/\/trennungundscheidung.web-email.at\/familien-eltern-oder-erziehungsberatung\/den-blick-wieder-auf-die-kinder-richten\/pour-se-concentrer-a-nouveau-sur-les-enfants-franzoesisch-francais\/#breadcrumb\"},\"inLanguage\":\"de\",\"potentialAction\":[{\"@type\":\"ReadAction\",\"target\":[\"https:\/\/trennungundscheidung.web-email.at\/familien-eltern-oder-erziehungsberatung\/den-blick-wieder-auf-die-kinder-richten\/pour-se-concentrer-a-nouveau-sur-les-enfants-franzoesisch-francais\/\"]}]},{\"@type\":\"ImageObject\",\"inLanguage\":\"de\",\"@id\":\"https:\/\/trennungundscheidung.web-email.at\/familien-eltern-oder-erziehungsberatung\/den-blick-wieder-auf-die-kinder-richten\/pour-se-concentrer-a-nouveau-sur-les-enfants-franzoesisch-francais\/#primaryimage\",\"url\":\"https:\/\/trennungundscheidung.web-email.at\/familien-eltern-oder-erziehungsberatung\/wp-content\/uploads\/sites\/6\/2020\/02\/franzoesisch_francais.png\",\"contentUrl\":\"https:\/\/trennungundscheidung.web-email.at\/familien-eltern-oder-erziehungsberatung\/wp-content\/uploads\/sites\/6\/2020\/02\/franzoesisch_francais.png\",\"width\":50,\"height\":32},{\"@type\":\"BreadcrumbList\",\"@id\":\"https:\/\/trennungundscheidung.web-email.at\/familien-eltern-oder-erziehungsberatung\/den-blick-wieder-auf-die-kinder-richten\/pour-se-concentrer-a-nouveau-sur-les-enfants-franzoesisch-francais\/#breadcrumb\",\"itemListElement\":[{\"@type\":\"ListItem\",\"position\":1,\"name\":\"Home\",\"item\":\"https:\/\/trennungundscheidung.web-email.at\/familien-eltern-oder-erziehungsberatung\/\"},{\"@type\":\"ListItem\",\"position\":2,\"name\":\"&#8230; den Blick wieder auf die Kinder richten!\",\"item\":\"https:\/\/trennungundscheidung.web-email.at\/familien-eltern-oder-erziehungsberatung\/\"},{\"@type\":\"ListItem\",\"position\":3,\"name\":\"&#8230;. pour se concentrer \u00e0 nouveau sur les enfants! &#8211; Franz\u00f6sisch (Fran\u00e7ais)\"}]},{\"@type\":\"WebSite\",\"@id\":\"https:\/\/trennungundscheidung.web-email.at\/familien-eltern-oder-erziehungsberatung\/#website\",\"url\":\"https:\/\/trennungundscheidung.web-email.at\/familien-eltern-oder-erziehungsberatung\/\",\"name\":\"Familien-, Eltern- oder Erziehungsberatung nach \u00a7 107\",\"description\":\"\",\"potentialAction\":[{\"@type\":\"SearchAction\",\"target\":{\"@type\":\"EntryPoint\",\"urlTemplate\":\"https:\/\/trennungundscheidung.web-email.at\/familien-eltern-oder-erziehungsberatung\/?s={search_term_string}\"},\"query-input\":{\"@type\":\"PropertyValueSpecification\",\"valueRequired\":true,\"valueName\":\"search_term_string\"}}],\"inLanguage\":\"de\"}]}<\/script>\n<!-- \/ Yoast SEO plugin. -->","yoast_head_json":{"title":".... pour se concentrer \u00e0 nouveau sur les enfants! - Franz\u00f6sisch (Fran\u00e7ais) - Familien-, Eltern- oder Erziehungsberatung nach \u00a7 107","robots":{"index":"index","follow":"follow","max-snippet":"max-snippet:-1","max-image-preview":"max-image-preview:large","max-video-preview":"max-video-preview:-1"},"canonical":"https:\/\/trennungundscheidung.web-email.at\/familien-eltern-oder-erziehungsberatung\/den-blick-wieder-auf-die-kinder-richten\/pour-se-concentrer-a-nouveau-sur-les-enfants-franzoesisch-francais\/","og_locale":"de_DE","og_type":"article","og_title":".... pour se concentrer \u00e0 nouveau sur les enfants! - Franz\u00f6sisch (Fran\u00e7ais) - Familien-, Eltern- oder Erziehungsberatung nach \u00a7 107","og_description":"Si, apr\u00e8s la s\u00e9paration, les parents ne sont pas en mesure de parvenir \u00e0 un r\u00e8glement sur la garde et le droit de visite dans l&#8217;int\u00e9r\u00eat sup\u00e9rieur de l&#8217;enfant ou des enfants qu&#8217;ils ont entre eux et de s&#8217;y conformer dans la vie quotidienne, le tribunal peut ordonner un conseil familial, parental ou \u00e9ducatif conform\u00e9ment [&hellip;]","og_url":"https:\/\/trennungundscheidung.web-email.at\/familien-eltern-oder-erziehungsberatung\/den-blick-wieder-auf-die-kinder-richten\/pour-se-concentrer-a-nouveau-sur-les-enfants-franzoesisch-francais\/","og_site_name":"Familien-, Eltern- oder Erziehungsberatung nach \u00a7 107","article_modified_time":"2020-02-27T08:15:24+00:00","og_image":[{"url":"https:\/\/trennungundscheidung.web-email.at\/familien-eltern-oder-erziehungsberatung\/wp-content\/uploads\/sites\/6\/2020\/02\/franzoesisch_francais.png","type":"","width":"","height":""}],"twitter_card":"summary_large_image","twitter_misc":{"Gesch\u00e4tzte Lesezeit":"1\u00a0Minute"},"schema":{"@context":"https:\/\/schema.org","@graph":[{"@type":"WebPage","@id":"https:\/\/trennungundscheidung.web-email.at\/familien-eltern-oder-erziehungsberatung\/den-blick-wieder-auf-die-kinder-richten\/pour-se-concentrer-a-nouveau-sur-les-enfants-franzoesisch-francais\/","url":"https:\/\/trennungundscheidung.web-email.at\/familien-eltern-oder-erziehungsberatung\/den-blick-wieder-auf-die-kinder-richten\/pour-se-concentrer-a-nouveau-sur-les-enfants-franzoesisch-francais\/","name":".... pour se concentrer \u00e0 nouveau sur les enfants! - Franz\u00f6sisch (Fran\u00e7ais) - Familien-, Eltern- oder Erziehungsberatung nach \u00a7 107","isPartOf":{"@id":"https:\/\/trennungundscheidung.web-email.at\/familien-eltern-oder-erziehungsberatung\/#website"},"primaryImageOfPage":{"@id":"https:\/\/trennungundscheidung.web-email.at\/familien-eltern-oder-erziehungsberatung\/den-blick-wieder-auf-die-kinder-richten\/pour-se-concentrer-a-nouveau-sur-les-enfants-franzoesisch-francais\/#primaryimage"},"image":{"@id":"https:\/\/trennungundscheidung.web-email.at\/familien-eltern-oder-erziehungsberatung\/den-blick-wieder-auf-die-kinder-richten\/pour-se-concentrer-a-nouveau-sur-les-enfants-franzoesisch-francais\/#primaryimage"},"thumbnailUrl":"https:\/\/trennungundscheidung.web-email.at\/familien-eltern-oder-erziehungsberatung\/wp-content\/uploads\/sites\/6\/2020\/02\/franzoesisch_francais.png","datePublished":"2020-02-25T13:04:32+00:00","dateModified":"2020-02-27T08:15:24+00:00","breadcrumb":{"@id":"https:\/\/trennungundscheidung.web-email.at\/familien-eltern-oder-erziehungsberatung\/den-blick-wieder-auf-die-kinder-richten\/pour-se-concentrer-a-nouveau-sur-les-enfants-franzoesisch-francais\/#breadcrumb"},"inLanguage":"de","potentialAction":[{"@type":"ReadAction","target":["https:\/\/trennungundscheidung.web-email.at\/familien-eltern-oder-erziehungsberatung\/den-blick-wieder-auf-die-kinder-richten\/pour-se-concentrer-a-nouveau-sur-les-enfants-franzoesisch-francais\/"]}]},{"@type":"ImageObject","inLanguage":"de","@id":"https:\/\/trennungundscheidung.web-email.at\/familien-eltern-oder-erziehungsberatung\/den-blick-wieder-auf-die-kinder-richten\/pour-se-concentrer-a-nouveau-sur-les-enfants-franzoesisch-francais\/#primaryimage","url":"https:\/\/trennungundscheidung.web-email.at\/familien-eltern-oder-erziehungsberatung\/wp-content\/uploads\/sites\/6\/2020\/02\/franzoesisch_francais.png","contentUrl":"https:\/\/trennungundscheidung.web-email.at\/familien-eltern-oder-erziehungsberatung\/wp-content\/uploads\/sites\/6\/2020\/02\/franzoesisch_francais.png","width":50,"height":32},{"@type":"BreadcrumbList","@id":"https:\/\/trennungundscheidung.web-email.at\/familien-eltern-oder-erziehungsberatung\/den-blick-wieder-auf-die-kinder-richten\/pour-se-concentrer-a-nouveau-sur-les-enfants-franzoesisch-francais\/#breadcrumb","itemListElement":[{"@type":"ListItem","position":1,"name":"Home","item":"https:\/\/trennungundscheidung.web-email.at\/familien-eltern-oder-erziehungsberatung\/"},{"@type":"ListItem","position":2,"name":"&#8230; den Blick wieder auf die Kinder richten!","item":"https:\/\/trennungundscheidung.web-email.at\/familien-eltern-oder-erziehungsberatung\/"},{"@type":"ListItem","position":3,"name":"&#8230;. pour se concentrer \u00e0 nouveau sur les enfants! &#8211; Franz\u00f6sisch (Fran\u00e7ais)"}]},{"@type":"WebSite","@id":"https:\/\/trennungundscheidung.web-email.at\/familien-eltern-oder-erziehungsberatung\/#website","url":"https:\/\/trennungundscheidung.web-email.at\/familien-eltern-oder-erziehungsberatung\/","name":"Familien-, Eltern- oder Erziehungsberatung nach \u00a7 107","description":"","potentialAction":[{"@type":"SearchAction","target":{"@type":"EntryPoint","urlTemplate":"https:\/\/trennungundscheidung.web-email.at\/familien-eltern-oder-erziehungsberatung\/?s={search_term_string}"},"query-input":{"@type":"PropertyValueSpecification","valueRequired":true,"valueName":"search_term_string"}}],"inLanguage":"de"}]}},"_links":{"self":[{"href":"https:\/\/trennungundscheidung.web-email.at\/familien-eltern-oder-erziehungsberatung\/wp-json\/wp\/v2\/pages\/363","targetHints":{"allow":["GET"]}}],"collection":[{"href":"https:\/\/trennungundscheidung.web-email.at\/familien-eltern-oder-erziehungsberatung\/wp-json\/wp\/v2\/pages"}],"about":[{"href":"https:\/\/trennungundscheidung.web-email.at\/familien-eltern-oder-erziehungsberatung\/wp-json\/wp\/v2\/types\/page"}],"author":[{"embeddable":true,"href":"https:\/\/trennungundscheidung.web-email.at\/familien-eltern-oder-erziehungsberatung\/wp-json\/wp\/v2\/users\/1"}],"replies":[{"embeddable":true,"href":"https:\/\/trennungundscheidung.web-email.at\/familien-eltern-oder-erziehungsberatung\/wp-json\/wp\/v2\/comments?post=363"}],"version-history":[{"count":5,"href":"https:\/\/trennungundscheidung.web-email.at\/familien-eltern-oder-erziehungsberatung\/wp-json\/wp\/v2\/pages\/363\/revisions"}],"predecessor-version":[{"id":371,"href":"https:\/\/trennungundscheidung.web-email.at\/familien-eltern-oder-erziehungsberatung\/wp-json\/wp\/v2\/pages\/363\/revisions\/371"}],"up":[{"embeddable":true,"href":"https:\/\/trennungundscheidung.web-email.at\/familien-eltern-oder-erziehungsberatung\/wp-json\/wp\/v2\/pages\/13"}],"wp:attachment":[{"href":"https:\/\/trennungundscheidung.web-email.at\/familien-eltern-oder-erziehungsberatung\/wp-json\/wp\/v2\/media?parent=363"}],"curies":[{"name":"wp","href":"https:\/\/api.w.org\/{rel}","templated":true}]}}